{"id":233,"date":"2020-01-24T20:13:46","date_gmt":"2020-01-24T20:13:46","guid":{"rendered":"http:\/\/clubcampestrevalledupar.com.co\/?page_id=233"},"modified":"2021-11-10T21:59:19","modified_gmt":"2021-11-10T21:59:19","slug":"pasadia","status":"publish","type":"page","link":"https:\/\/clubcampestrevalledupar.com.co\/?page_id=233","title":{"rendered":"Pasad\u00eda"},"content":{"rendered":"\t\t<div data-elementor-type=\"wp-page\" data-elementor-id=\"233\" class=\"elementor elementor-233\" data-elementor-settings=\"[]\">\n\t\t\t<div class=\"elementor-inner\">\n\t\t\t\t<div class=\"elementor-section-wrap\">\n\t\t\t\t\t\t\t<section class=\"elementor-element elementor-element-2ddbd04 elementor-section-boxed elementor-section-height-default elementor-section-height-default elementor-section elementor-top-section\" data-id=\"2ddbd04\" data-element_type=\"section\">\n\t\t\t\t\t\t<div class=\"elementor-container elementor-column-gap-default\">\n\t\t\t\t<div class=\"elementor-row\">\n\t\t\t\t<div class=\"elementor-element elementor-element-daf5e53 elementor-column elementor-col-100 elementor-top-column\" data-id=\"daf5e53\" data-element_type=\"column\">\n\t\t\t<div class=\"elementor-column-wrap  elementor-element-populated\">\n\t\t\t\t\t<div class=\"elementor-widget-wrap\">\n\t\t\t\t<div class=\"elementor-element elementor-element-17844fc elementor-widget elementor-widget-heading\" data-id=\"17844fc\" data-element_type=\"widget\" data-widget_type=\"heading.default\">\n\t\t\t\t<div class=\"elementor-widget-container\">\n\t\t\t<h2 class=\"elementor-heading-title elementor-size-default\">Pasad\u00eda<\/h2>\t\t<\/div>\n\t\t\t\t<\/div>\n\t\t\t\t<section class=\"elementor-element elementor-element-49b5830 elementor-section-boxed elementor-section-height-default elementor-section-height-default elementor-section elementor-inner-section\" data-id=\"49b5830\" data-element_type=\"section\">\n\t\t\t\t\t\t<div class=\"elementor-container elementor-column-gap-default\">\n\t\t\t\t<div class=\"elementor-row\">\n\t\t\t\t<div class=\"elementor-element elementor-element-efc2ed6 elementor-column elementor-col-50 elementor-inner-column\" data-id=\"efc2ed6\" data-element_type=\"column\">\n\t\t\t<div class=\"elementor-column-wrap  elementor-element-populated\">\n\t\t\t\t\t<div class=\"elementor-widget-wrap\">\n\t\t\t\t<div class=\"elementor-element elementor-element-2bd55f4 elementor-widget elementor-widget-spacer\" data-id=\"2bd55f4\" data-element_type=\"widget\" data-widget_type=\"spacer.default\">\n\t\t\t\t<div class=\"elementor-widget-container\">\n\t\t\t\t\t<div class=\"elementor-spacer\">\n\t\t\t<div class=\"elementor-spacer-inner\"><\/div>\n\t\t<\/div>\n\t\t\t\t<\/div>\n\t\t\t\t<\/div>\n\t\t\t\t<div class=\"elementor-element elementor-element-e38d8e9 elementor-widget elementor-widget-heading\" data-id=\"e38d8e9\" data-element_type=\"widget\" data-widget_type=\"heading.default\">\n\t\t\t\t<div class=\"elementor-widget-container\">\n\t\t\t<h3 class=\"elementor-heading-title elementor-size-default\">Disfruta de nuestros PASADIAS.<\/h3>\t\t<\/div>\n\t\t\t\t<\/div>\n\t\t\t\t<div class=\"elementor-element elementor-element-a19cd73 elementor-widget elementor-widget-text-editor\" data-id=\"a19cd73\" data-element_type=\"widget\" data-widget_type=\"text-editor.default\">\n\t\t\t\t<div class=\"elementor-widget-container\">\n\t\t\t\t\t<div class=\"elementor-text-editor elementor-clearfix\"><p class=\"MsoNormal\">Ven y disfruta de un espectacular d\u00eda en el Club Campestre de Valledupar, si no eres socio del Club tienes la posibilidad de adquirir un PASADIA, que incluye piscina y almuerzo en el club.<o:p><\/o:p><\/p><p><\/p><p class=\"MsoNormal\">Escr\u00edbenos por WhatsApp para reservar tu cupo o m\u00e1s informaci\u00f3n.<o:p><\/o:p><\/p><\/div>\n\t\t\t\t<\/div>\n\t\t\t\t<\/div>\n\t\t\t\t\t\t<\/div>\n\t\t\t<\/div>\n\t\t<\/div>\n\t\t\t\t<div class=\"elementor-element elementor-element-77c27ba elementor-column elementor-col-50 elementor-inner-column\" data-id=\"77c27ba\" data-element_type=\"column\">\n\t\t\t<div class=\"elementor-column-wrap  elementor-element-populated\">\n\t\t\t\t\t<div class=\"elementor-widget-wrap\">\n\t\t\t\t<div class=\"elementor-element elementor-element-daf4ea8 elementor-widget elementor-widget-image\" data-id=\"daf4ea8\" data-element_type=\"widget\" data-widget_type=\"image.default\">\n\t\t\t\t<div class=\"elementor-widget-container\">\n\t\t\t\t\t<div class=\"elementor-image\">\n\t\t\t\t\t\t\t\t\t\t<img width=\"746\" height=\"746\" src=\"https:\/\/clubcampestrevalledupar.com.co\/wp-content\/uploads\/2020\/01\/FotoPasadia.jpg\" class=\"attachment-large size-large\" alt=\"\" loading=\"lazy\" srcset=\"https:\/\/clubcampestrevalledupar.com.co\/wp-content\/uploads\/2020\/01\/FotoPasadia.jpg 746w, https:\/\/clubcampestrevalledupar.com.co\/wp-content\/uploads\/2020\/01\/FotoPasadia-300x300.jpg 300w, https:\/\/clubcampestrevalledupar.com.co\/wp-content\/uploads\/2020\/01\/FotoPasadia-150x150.jpg 150w\" sizes=\"(max-width: 746px) 100vw, 746px\" \/>\t\t\t\t\t\t\t\t\t\t\t<\/div>\n\t\t\t\t<\/div>\n\t\t\t\t<\/div>\n\t\t\t\t\t\t<\/div>\n\t\t\t<\/div>\n\t\t<\/div>\n\t\t\t\t\t\t<\/div>\n\t\t\t<\/div>\n\t\t<\/section>\n\t\t\t\t\t\t<\/div>\n\t\t\t<\/div>\n\t\t<\/div>\n\t\t\t\t\t\t<\/div>\n\t\t\t<\/div>\n\t\t<\/section>\n\t\t\t\t<section class=\"elementor-element elementor-element-4b4990a elementor-section-boxed elementor-section-height-default elementor-section-height-default elementor-section elementor-top-section\" data-id=\"4b4990a\" data-element_type=\"section\">\n\t\t\t\t\t\t<div class=\"elementor-container elementor-column-gap-default\">\n\t\t\t\t<div class=\"elementor-row\">\n\t\t\t\t<div class=\"elementor-element elementor-element-b2af595 elementor-column elementor-col-50 elementor-top-column\" data-id=\"b2af595\" data-element_type=\"column\">\n\t\t\t<div class=\"elementor-column-wrap  elementor-element-populated\">\n\t\t\t\t\t<div class=\"elementor-widget-wrap\">\n\t\t\t\t<div class=\"elementor-element elementor-element-c6fc269 elementor-widget elementor-widget-image\" data-id=\"c6fc269\" data-element_type=\"widget\" data-widget_type=\"image.default\">\n\t\t\t\t<div class=\"elementor-widget-container\">\n\t\t\t\t\t<div class=\"elementor-image\">\n\t\t\t\t\t\t\t\t\t\t<img width=\"708\" height=\"910\" src=\"https:\/\/clubcampestrevalledupar.com.co\/wp-content\/uploads\/2021\/11\/WhatsApp-Image-2021-11-10-at-4.27.06-PM.jpeg\" class=\"attachment-large size-large\" alt=\"\" loading=\"lazy\" srcset=\"https:\/\/clubcampestrevalledupar.com.co\/wp-content\/uploads\/2021\/11\/WhatsApp-Image-2021-11-10-at-4.27.06-PM.jpeg 708w, https:\/\/clubcampestrevalledupar.com.co\/wp-content\/uploads\/2021\/11\/WhatsApp-Image-2021-11-10-at-4.27.06-PM-233x300.jpeg 233w\" sizes=\"(max-width: 708px) 100vw, 708px\" \/>\t\t\t\t\t\t\t\t\t\t\t<\/div>\n\t\t\t\t<\/div>\n\t\t\t\t<\/div>\n\t\t\t\t\t\t<\/div>\n\t\t\t<\/div>\n\t\t<\/div>\n\t\t\t\t<div class=\"elementor-element elementor-element-3d1aed8 elementor-column elementor-col-50 elementor-top-column\" data-id=\"3d1aed8\" data-element_type=\"column\">\n\t\t\t<div class=\"elementor-column-wrap  elementor-element-populated\">\n\t\t\t\t\t<div class=\"elementor-widget-wrap\">\n\t\t\t\t<div class=\"elementor-element elementor-element-55eec95 elementor-widget elementor-widget-image\" data-id=\"55eec95\" data-element_type=\"widget\" data-widget_type=\"image.default\">\n\t\t\t\t<div class=\"elementor-widget-container\">\n\t\t\t\t\t<div class=\"elementor-image\">\n\t\t\t\t\t\t\t\t\t\t<img width=\"750\" height=\"972\" src=\"https:\/\/clubcampestrevalledupar.com.co\/wp-content\/uploads\/2021\/11\/WhatsApp-Image-2021-11-10-at-4.27.22-PM-790x1024.jpeg\" class=\"attachment-large size-large\" alt=\"\" loading=\"lazy\" srcset=\"https:\/\/clubcampestrevalledupar.com.co\/wp-content\/uploads\/2021\/11\/WhatsApp-Image-2021-11-10-at-4.27.22-PM-790x1024.jpeg 790w, https:\/\/clubcampestrevalledupar.com.co\/wp-content\/uploads\/2021\/11\/WhatsApp-Image-2021-11-10-at-4.27.22-PM-232x300.jpeg 232w, https:\/\/clubcampestrevalledupar.com.co\/wp-content\/uploads\/2021\/11\/WhatsApp-Image-2021-11-10-at-4.27.22-PM-768x995.jpeg 768w, https:\/\/clubcampestrevalledupar.com.co\/wp-content\/uploads\/2021\/11\/WhatsApp-Image-2021-11-10-at-4.27.22-PM.jpeg 988w\" sizes=\"(max-width: 750px) 100vw, 750px\" \/>\t\t\t\t\t\t\t\t\t\t\t<\/div>\n\t\t\t\t<\/div>\n\t\t\t\t<\/div>\n\t\t\t\t\t\t<\/div>\n\t\t\t<\/div>\n\t\t<\/div>\n\t\t\t\t\t\t<\/div>\n\t\t\t<\/div>\n\t\t<\/section>\n\t\t\t\t\t\t<\/div>\n\t\t\t<\/div>\n\t\t<\/div>\n\t\t","protected":false},"excerpt":{"rendered":"<p>Pasad\u00eda Disfruta de nuestros PASADIAS. Ven y disfruta de un espectacular d\u00eda en el Club Campestre de Valledupar, si no eres socio del Club tienes la posibilidad de adquirir un PASADIA, que incluye piscina y almuerzo en el club. Escr\u00edbenos por WhatsApp para reservar tu cupo o m\u00e1s informaci\u00f3n.<\/p>\n","protected":false},"author":1,"featured_media":0,"parent":0,"menu_order":0,"comment_status":"closed","ping_status":"closed","template":"page-templates\/template-pagebuilder-full-width.php","meta":[],"_links":{"self":[{"href":"https:\/\/clubcampestrevalledupar.com.co\/index.php?rest_route=\/wp\/v2\/pages\/233"}],"collection":[{"href":"https:\/\/clubcampestrevalledupar.com.co\/index.php?rest_route=\/wp\/v2\/pages"}],"about":[{"href":"https:\/\/clubcampestrevalledupar.com.co\/index.php?rest_route=\/wp\/v2\/types\/page"}],"author":[{"embeddable":true,"href":"https:\/\/clubcampestrevalledupar.com.co\/index.php?rest_route=\/wp\/v2\/users\/1"}],"replies":[{"embeddable":true,"href":"https:\/\/clubcampestrevalledupar.com.co\/index.php?rest_route=%2Fwp%2Fv2%2Fcomments&post=233"}],"version-history":[{"count":7,"href":"https:\/\/clubcampestrevalledupar.com.co\/index.php?rest_route=\/wp\/v2\/pages\/233\/revisions"}],"predecessor-version":[{"id":901,"href":"https:\/\/clubcampestrevalledupar.com.co\/index.php?rest_route=\/wp\/v2\/pages\/233\/revisions\/901"}],"wp:attachment":[{"href":"https:\/\/clubcampestrevalledupar.com.co\/index.php?rest_route=%2Fwp%2Fv2%2Fmedia&parent=233"}],"curies":[{"name":"wp","href":"https:\/\/api.w.org\/{rel}","templated":true}]}}